tor of 858745 and 71.
71
Calculate the greatest common divisor of 29 and 194.
1
Calculate the highest common factor of 55 and 162860.
5
Calculate the greatest common divisor of 402810 and 870.
870
What is the highest common factor of 95 and 485564?
19
Calculate the greatest common factor of 611 and 184334.
47
What is the greatest common divisor of 252 and 18459?
63
What is the highest common divisor of 182133 and 1372?
343
Calculate the highest common factor of 33169 and 123.
41
Calculate the greatest common factor of 4542304 and 26.
26
Calculate the highest common divisor of 167944 and 1148.
28
Calculate the greatest common factor of 78 and 578565.
39
Calculate the highest common factor of 2684 and 42151.
61
What is the greatest common divisor of 513 and 38?
19
Calculate the highest common divisor of 120 and 5177580.
60
What is the highest common factor of 335 and 1629373?
67
What is the highest common divisor of 44 and 31185?
11
Calculate the greatest common factor of 6188375 and 31.
31
What is the highest common factor of 14838 and 3?
3
Calculate the highest common factor of 49449 and 1113.
159
What is the highest common divisor of 1767699 and 1062?
531
What is the highest common factor of 3984 and 717618?
498
Calculate the greatest common factor of 18 and 3682656.
18
Calculate the highest common divisor of 63928 and 917.
131
Calculate the greatest common factor of 855 and 18315.
45
Calculate the highest common factor of 70851 and 10241.
209
Calculate the highest common divisor of 52020 and 425.
85
What is the highest common divisor of 358 and 982710?
358
Calculate the greatest common divisor of 299485 and 20.
5
What is the highest common divisor of 567 and 959?
7
Calculate the greatest common factor of 6269562 and 338.
338
Calculate the highest common divisor of 176 and 143528.
88
What is the highest common divisor of 288 and 1878336?
288
What is the highest common factor of 568 and 213284?
284
What is the highest common divisor of 603 and 46632?
201
Calculate the greatest common factor of 55168 and 2432.
128
Calculate the greatest common divisor of 26418 and 167790.
714
What is the highest common factor of 2193088 and 64?
64
What is the greatest common factor of 6603311 and 13?
13
Calculate the greatest common factor of 15974 and 1274.
98
Calculate the greatest common factor of 3051 and 667039.
113
What is the greatest common divisor of 192 and 28104?
24
Calculate the greatest common divisor of 137561 and 1057.
151
Calculate the greatest common divisor of 571658 and 318.
106
Calculate the highest common factor of 164107 and 379.
379
What is the highest common factor of 498940 and 1140?
380
Calculate the highest common divisor of 1808 and 7119.
113
Calculate the highest common divisor of 14482 and 533.
13
Calculate the greatest common divisor of 14067 and 1053.
27
Calculate the highest common divisor of 8082 and 792.
18
Calculate the highest common factor of 2445797 and 989.
989
Calculate the greatest common factor of 860092 and 608.
76
Calculate the highest common divisor of 826958 and 11.
11
Calculate the greatest common divisor of 547 and 1093453.
547
Calculate the highest common factor of 6357 and 6683.
163
Calculate the greatest common divisor of 324 and 44.
4
What is the highest common factor of 566 and 77542?
566
Calculate the highest common factor of 5490 and 480.
30
Calculate the highest common divisor of 76200 and 3937.
127
Calculate the greatest common divisor of 61056 and 9.
9
Calculate the greatest common factor of 2870 and 132840.
410
What is the highest common factor of 142 and 75189?
71
Calculate the greatest common divisor of 14690 and 10622.
226
What is the greatest common divisor of 55 and 765?
5
What is the highest common divisor of 122 and 18?
2
What is the highest common factor of 61525 and 50?
25
What is the highest common factor of 3895 and 17005?
95
What is the greatest common divisor of 176 and 24208?
16
Calculate the greatest common factor of 2992 and 1804.
44
Calculate the highest common divisor of 1759002 and 2.
2
Calculate the highest common divisor of 70 and 47908.
14
What is the greatest common divisor of 488 and 5304?
8
Calculate the highest common divisor of 955 and 71434.
191
What is the highest common factor of 1972890 and 162?
54
What is the highest common divisor of 3192797 and 3826?
1913
What is the highest common factor of 455725 and 75?
25
What is the highest common divisor of 7579 and 118404?
143
What is the highest common factor of 11431 and 943?
23
Calculate the greatest common divisor of 9582340 and 1340.
1340
What is the greatest common factor of 49 and 175?
7
Calculate the greatest common divisor of 12850 and 100.
50
What is the highest common factor of 2154 and 8975?
359
What is the highest common factor of 246480 and 6630?
390
What is the highest common divisor of 4302 and 162?
18
What is the greatest common divisor of 78657 and 3454?
157
What is the greatest common divisor of 121 and 362395?
121
Calculate the highest common factor of 552465 and 45.
45
What is the greatest common factor of 143 and 32439?
11
What is the highest common divisor of 476 and 984028?
68
What is the greatest common factor of 253 and 81972?
253
What is the highest common divisor of 1241 and 6817?
17
What is the greatest common factor of 3852 and 4500?
36
Calculate the highest common divisor of 383532 and 2976.
372
What is the highest common divisor of 3082 and 9514?
134
What is the greatest common factor of 4833170 and 20?
10
Calculate the greatest common divisor of 7931 and 5871.
103
What is the highest common factor of 20937 and 1365?
21
What is the highest common divisor of 3039228 and 428?
428
Calculate the highest common factor of 2627 and 92371.
71
Calculate the greatest common divisor of 118 and 4802954.
118
Calculate the greatest common factor of 1209 and 1716.
39
Calculate the greatest common divisor of 54 and 25731.
27
Calculate the greatest common divisor of 110 and 8030.
110
What is the greatest common divisor of 650 and 869050?
650
Calculate the highest common divisor of 816660 and 39.
39
What is the highest common factor of 264 and 516?
12
What is the greatest common factor of 8710 and 2990?
130
What is the highest common divisor of 3655 and 266084?
731
Calculate the highest common factor of 1537 and 20087.
53
What is the highest common factor of 2700 and 55035?
45
What is the highest common divisor of 42438 and 132?
66
What is the highest common factor of 113 and 93?
1
What is the greatest common divisor of 512 and 29568?
128
What is the highest common divisor of 183 and 774517?
61
What is the highest common divisor of 16 and 1328?
16
What is the greatest common divisor of 13970 and 1650?
110
What is the greatest common factor of 71100 and 1440?
180
What is the highest common factor of 2225 and 77650?
25
Calculate the highest common divisor of 74175 and 2875.
575
What is the highest common divisor of 17 and 495329?
17
What is the highest common factor of 106 and 113473?
53
Calculate the highest common factor of 1516935 and 210.
105
What is the greatest common divisor of 904 and 152324?
452
What is the greatest common divisor of 43375 and 77381?
347
Calculate the greatest common factor of 679401 and 243.
27
What is the highest common divisor of 31 and 60667?
31
Calculate the highest common divisor of 5255 and 690.
5
What is the greatest common factor of 100 and 45775?
25
Calculate the greatest common divisor of 128938 and 23.
23
Calculate the highest common factor of 11515 and 14945.
245
Calculate the highest common factor of 1350 and 5738175.
675
What is the highest common factor of 209572 and 132?
44
Calculate the highest common divisor of 1862730 and 1080.
270
Calculate the highest common factor of 7293 and 272.
17
Calculate the greatest common factor of 35 and 147217.
7
What is the highest common divisor of 893 and 66317?
47
What is the greatest common factor of 1065 and 20448?
213
What is the greatest common divisor of 1591 and 4181?
37
Calculate the greatest common divisor of 1173 and 17799.
51
Calculate the greatest common factor of 14880 and 57840.
240
What is the greatest common divisor of 1 and 20769?
1
Calculate the greatest common factor of 3312 and 13616.
368
What is the greatest commo